{"id":6,"date":"2019-08-16T12:05:17","date_gmt":"2019-08-16T12:05:17","guid":{"rendered":"http:\/\/www.suomenitamainenseura.org\/?page_id=6"},"modified":"2025-10-27T16:43:05","modified_gmt":"2025-10-27T16:43:05","slug":"hallitus-2019","status":"publish","type":"page","link":"https:\/\/www.suomenitamainenseura.org\/index.php\/hallitus-2019\/","title":{"rendered":"Hallitus 2025"},"content":{"rendered":"<p>Puheenjohtaja apulaisprofessori Sami Honkasalo<br \/>\n<a href=\"mailto:sami.honkasalo@helsinki.fi\">sami.honkasalo@helsinki.fi<\/a><\/p>\n<p>Varapuheenjohtaja yliopistonlehtori Ilkka Lindstedt<br \/>\n<a href=\"mailto:ilkka.lindstedt@helsinki.fi\">ilkka.lindstedt<span class=\"email-ta\">@<\/span>helsinki<span class=\"email-tod\">.<\/span>fi<\/a><\/p>\n<p>Rahastonhoitaja yliopistonlehtori Lotta Aunio<br \/>\n<a href=\"mailto:lotta.aunio@helsinki.fi\">lotta.aunio@helsinki.fi<\/a><\/p>\n<p>Sihteeri FM Repekka Uotila<br \/>\n<a href=\"mailto:sihteeri@suomenitamainenseura.org\">sihteeri@suomenitamainenseura.org<\/a><\/p>\n<p>Yliopisto-opettaja Rie Fuse<br \/>\n<a href=\"mailto:rie.fuse@helsinki.fi\">rie.fuse@helsinki.fi<\/a><\/p>\n<p>Dosentti Joanna T\u00f6yr\u00e4\u00e4nvuori<br \/>\n<a class=\"email\" tabindex=\"-1\" href=\"https:\/\/researchportal.helsinki.fi\/en\/persons\/joanna-t%C3%B6yr%C3%A4%C3%A4nvuori#\" data-md5=\"bWFpbHRvOmpvYW5uYS50b3lyYWFudnVvcmlAaGVsc2lua2kuZmk=\">joanna.toyraanvuori<span class=\"email-ta\">@<\/span>helsinki<span class=\"email-tod\">.<\/span>fi<\/a><\/p>\n<p>FM Stephan Schulz<br \/>\n<a href=\"mailto:stephan.schulz@helsinki.fi\">stephan.schulz@helsinki.fi<\/a><\/p>\n<p>FM Saana Santalahti<br \/>\n<a href=\"mailto:saana.santalahti@helsinki.fi\">saana.santalahti@helsinki.fi<\/a><\/p>\n<h4>Varaj\u00e4senet<\/h4>\n<p>Yliopistonlehtori Riikka L\u00e4nsisalmi<br \/>\n<a href=\"mailto:riikka.lansisalmi@helsinki.fi\">riikka.lansisalmi@helsinki.fi<\/a><\/p>\n<p>Yliopistonlehtori<br \/>\n<a href=\"mailto:ilkka.lindstedt@helsinki.fi\">ilkka.lindstedt<span class=\"email-ta\">@<\/span>helsinki<span class=\"email-tod\">.<\/span>fi<\/a><\/p>\n<p>Hum. kand. Toivo Qiu<br \/>\n<a href=\"mailto:toivo.qiu@helsinki.fi\">toivo.qiu@helsinki.fi\u00a0<\/a><\/p>\n<h4>Luottamustoimet<\/h4>\n<p>Julkaisusihteerin\u00e4 ja Studia Orientalian p\u00e4\u00e4toimittajana toimii Lotta Aunio<br \/>\n<a href=\"mailto:lotta.aunio@helsinki.fi\">lotta.aunio@helsinki.fi<\/a><\/p>\n<p>Seuran julkaisuvaihtosihteerin\u00e4 toimii Repekka Uotila<br \/>\n<a href=\"mailto:sihteeri@suomenitamainenseura.org\">sihteeri@suomenitamainenseura.org<\/a><\/p>\n<p>Toiminnantarkastajana toimii TK Aava Ruokolainen ja varatoiminnantarkastajana FM Ilmari Karonen<\/p>\n<h4>p\u00f6yt\u00e4kirjat<\/h4>\n<p><a href=\"http:\/\/www.suomenitamainenseura.org\/wp-content\/uploads\/2020\/10\/SIS-poytakirja-vuosikokous-2020-lyhyt-versio.pdf\">Vuosikokous 2020<\/a><\/p>\n<p><a href=\"http:\/\/www.suomenitamainenseura.org\/wp-content\/uploads\/2020\/10\/SIS-poytakirja-vuosikokous-2019-lyhyt-versio.pdf\">Vuosikokous 2019<\/a><\/p>\n<p><a href=\"http:\/\/www.suomenitamainenseura.org\/wp-content\/uploads\/2020\/10\/SIS-poytakirja-vuosikokous-2018-lyhyt-versio.pdf\">Vuosikokous 2018<\/a><\/p>\n<h4>Toimintakertomukset<\/h4>\n<p><a href=\"http:\/\/www.suomenitamainenseura.org\/wp-content\/uploads\/2020\/10\/Toimintakertomus2019.pdf\">Toimintakertomus 2019<\/a><\/p>\n<p><a href=\"http:\/\/www.suomenitamainenseura.org\/wp-content\/uploads\/2019\/08\/Toimintakertomus2018_p\u00e4ivitetty.pdf\">Toimintakertomus 2018<\/a><\/p>\n<p><a href=\"http:\/\/www.suomenitamainenseura.org\/wp-content\/uploads\/2019\/08\/Toimintakertomus2017-korjattu.pdf\">Toimintakertomus 2017<\/a><\/p>\n<p><a href=\"http:\/\/www.suomenitamainenseura.org\/wp-content\/uploads\/2019\/08\/Toimintakertomus2016.pdf\">Toimintakertomus 2016<\/a><\/p>\n<p><a href=\"http:\/\/www.suomenitamainenseura.org\/wp-content\/uploads\/2019\/08\/Toimintakertomus2015.pdf\">Toimintakertomus 2015<\/a><\/p>\n","protected":false},"excerpt":{"rendered":"<p>Puheenjohtaja apulaisprofessori Sami Honkasalo sami.honkasalo@helsinki.fi Varapuheenjohtaja yliopistonlehtori Ilkka Lindstedt ilkka.lindstedt@helsinki.fi Rahastonhoitaja yliopistonlehtori Lotta Aunio lotta.aunio@helsinki.fi Sihteeri FM Repekka Uotila sihteeri@suomenitamainenseura.org Yliopisto-opettaja Rie Fuse rie.fuse@helsinki.fi Dosentti Joanna T\u00f6yr\u00e4\u00e4nvuori joanna.toyraanvuori@helsinki.fi FM Stephan Schulz stephan.schulz@helsinki.fi FM Saana Santalahti saana.santalahti@helsinki.fi Varaj\u00e4senet Yliopistonlehtori Riikka L\u00e4nsisalmi riikka.lansisalmi@helsinki.fi Yliopistonlehtori ilkka.lindstedt@helsinki.fi Hum. kand. Toivo Qiu toivo.qiu@helsinki.fi\u00a0 Luottamustoimet Julkaisusihteerin\u00e4 ja Studia Orientalian p\u00e4\u00e4toimittajana toimii &hellip; <a href=\"https:\/\/www.suomenitamainenseura.org\/index.php\/hallitus-2019\/\" class=\"more-link\">Jatka lukemista<span class=\"screen-reader-text\"> &#8221;Hallitus 2025&#8221;<\/span><\/a><\/p>\n","protected":false},"author":1,"featured_media":0,"parent":0,"menu_order":0,"comment_status":"closed","ping_status":"closed","template":"","meta":[],"_links":{"self":[{"href":"https:\/\/www.suomenitamainenseura.org\/index.php\/wp-json\/wp\/v2\/pages\/6"}],"collection":[{"href":"https:\/\/www.suomenitamainenseura.org\/index.php\/wp-json\/wp\/v2\/pages"}],"about":[{"href":"https:\/\/www.suomenitamainenseura.org\/index.php\/wp-json\/wp\/v2\/types\/page"}],"author":[{"embeddable":true,"href":"https:\/\/www.suomenitamainenseura.org\/index.php\/wp-json\/wp\/v2\/users\/1"}],"replies":[{"embeddable":true,"href":"https:\/\/www.suomenitamainenseura.org\/index.php\/wp-json\/wp\/v2\/comments?post=6"}],"version-history":[{"count":18,"href":"https:\/\/www.suomenitamainenseura.org\/index.php\/wp-json\/wp\/v2\/pages\/6\/revisions"}],"predecessor-version":[{"id":431,"href":"https:\/\/www.suomenitamainenseura.org\/index.php\/wp-json\/wp\/v2\/pages\/6\/revisions\/431"}],"wp:attachment":[{"href":"https:\/\/www.suomenitamainenseura.org\/index.php\/wp-json\/wp\/v2\/media?parent=6"}],"curies":[{"name":"wp","href":"https:\/\/api.w.org\/{rel}","templated":true}]}}