{"id":193,"date":"2020-05-14T13:48:59","date_gmt":"2020-05-14T13:48:59","guid":{"rendered":"http:\/\/www.suomenitamainenseura.org\/?page_id=193"},"modified":"2025-12-15T10:09:35","modified_gmt":"2025-12-15T10:09:35","slug":"matka-apuraha","status":"publish","type":"page","link":"http:\/\/www.suomenitamainenseura.org\/index.php\/matka-apuraha\/","title":{"rendered":"Matka-apuraha"},"content":{"rendered":"\n<h3><strong>Perustutkinto-opiskelijoille suunnattua apurahaa jaetaan seuraavan kerran syksyll\u00e4 2026. Hausta ilmoitetaan t\u00e4ll\u00e4 nettisivulla ja seuran tiedotuskanavilla.<\/strong><\/h3>\n\n\n\n<p>Apurahan saajasta p\u00e4\u00e4tt\u00e4\u00e4 seuran hallitus. Apurahan my\u00f6nt\u00e4mist\u00e4 tai my\u00f6nt\u00e4m\u00e4tt\u00e4 j\u00e4tt\u00e4mist\u00e4 ei erikseen perustella. My\u00f6nnetty apuraha tulee k\u00e4ytt\u00e4\u00e4 viimeist\u00e4\u00e4n vuoden kuluttua my\u00f6nt\u00e4misest\u00e4, ja apurahan k\u00e4yt\u00f6st\u00e4 tulee raportoida lyhyesti seuralle. Lis\u00e4ksi apurahan saajan edellytet\u00e4\u00e4n pit\u00e4v\u00e4n esitelm\u00e4 jossakin seuran tilaisuudessa. <\/p>\n\n\n\n<p>Lis\u00e4tietoja antaa seuran sihteeri Repekka Uotila <a href=\"mailto:sihteeri@suomenitamainenseura.org\">sihteeri@suomenitamainenseura.org<\/a><\/p>\n\n\n\n<p>Apurahaa sai vuonna 2025 Minea Simi, VTK, maisterin tutkielman kentt\u00e4ty\u00f6 koskien YK:n Early Warnings for All -aloitteen implementointia Tansaniassa.<\/p>\n\n\n\n<p><\/p>\n","protected":false},"excerpt":{"rendered":"<p>Perustutkinto-opiskelijoille suunnattua apurahaa jaetaan seuraavan kerran syksyll\u00e4 2026. Hausta ilmoitetaan t\u00e4ll\u00e4 nettisivulla ja seuran tiedotuskanavilla. Apurahan saajasta p\u00e4\u00e4tt\u00e4\u00e4 seuran hallitus. Apurahan my\u00f6nt\u00e4mist\u00e4 tai my\u00f6nt\u00e4m\u00e4tt\u00e4 j\u00e4tt\u00e4mist\u00e4 ei erikseen perustella. My\u00f6nnetty apuraha tulee k\u00e4ytt\u00e4\u00e4 viimeist\u00e4\u00e4n vuoden kuluttua my\u00f6nt\u00e4misest\u00e4, ja apurahan k\u00e4yt\u00f6st\u00e4 tulee raportoida lyhyesti seuralle. Lis\u00e4ksi apurahan saajan edellytet\u00e4\u00e4n pit\u00e4v\u00e4n esitelm\u00e4 jossakin seuran tilaisuudessa. Lis\u00e4tietoja antaa seuran &hellip; <a href=\"http:\/\/www.suomenitamainenseura.org\/index.php\/matka-apuraha\/\" class=\"more-link\">Jatka lukemista<span class=\"screen-reader-text\"> &#8221;Matka-apuraha&#8221;<\/span><\/a><\/p>\n","protected":false},"author":1,"featured_media":0,"parent":0,"menu_order":0,"comment_status":"closed","ping_status":"closed","template":"","meta":[],"_links":{"self":[{"href":"http:\/\/www.suomenitamainenseura.org\/index.php\/wp-json\/wp\/v2\/pages\/193"}],"collection":[{"href":"http:\/\/www.suomenitamainenseura.org\/index.php\/wp-json\/wp\/v2\/pages"}],"about":[{"href":"http:\/\/www.suomenitamainenseura.org\/index.php\/wp-json\/wp\/v2\/types\/page"}],"author":[{"embeddable":true,"href":"http:\/\/www.suomenitamainenseura.org\/index.php\/wp-json\/wp\/v2\/users\/1"}],"replies":[{"embeddable":true,"href":"http:\/\/www.suomenitamainenseura.org\/index.php\/wp-json\/wp\/v2\/comments?post=193"}],"version-history":[{"count":19,"href":"http:\/\/www.suomenitamainenseura.org\/index.php\/wp-json\/wp\/v2\/pages\/193\/revisions"}],"predecessor-version":[{"id":440,"href":"http:\/\/www.suomenitamainenseura.org\/index.php\/wp-json\/wp\/v2\/pages\/193\/revisions\/440"}],"wp:attachment":[{"href":"http:\/\/www.suomenitamainenseura.org\/index.php\/wp-json\/wp\/v2\/media?parent=193"}],"curies":[{"name":"wp","href":"https:\/\/api.w.org\/{rel}","templated":true}]}}