{"id":112,"date":"2019-08-16T13:00:26","date_gmt":"2019-08-16T13:00:26","guid":{"rendered":"http:\/\/www.suomenitamainenseura.org\/?page_id=112"},"modified":"2026-03-12T11:30:08","modified_gmt":"2026-03-12T11:30:08","slug":"jaseneksi-liittyminen","status":"publish","type":"page","link":"http:\/\/www.suomenitamainenseura.org\/index.php\/jaseneksi-liittyminen\/","title":{"rendered":"J\u00e4seneksi liittyminen"},"content":{"rendered":"<p><i>Aasian ja Afrikan tutkimuksen seuran <\/i>toiminnasta kiinnostuneilla on mahdollisuus liitty\u00e4 seuran j\u00e4seneksi l\u00e4hett\u00e4m\u00e4ll\u00e4 vapaamuotoinen hakemus seuran sihteerille (sihteeri[at]suomenitamainenseura.org).<\/p>\n<p>Liittymisj\u00e4senmaksu on 20 euroa. Vuosittaista j\u00e4senmaksua seura ei<br \/>\nole ker\u00e4nnyt koko historiansa aikana. J\u00e4senyys oikeuttaa seuran<br \/>\njulkaisujen ostamiseen 50% alennuksella kirjakauppa Tiedekirjasta (<a href=\"http:\/\/www.tiedekirja.fi\/\">http:\/\/www.tiedekirja.fi<\/a>).<\/p>\n<p>J\u00e4senrekisteriin tallennetaan j\u00e4senen koko nimi, s\u00e4hk\u00f6postiosoite ja kotikunta sek\u00e4 tieto j\u00e4senyyslajista ja liittymismaksun maksamisesta. <a href=\"http:\/\/www.suomenitamainenseura.org\/wp-content\/uploads\/2021\/04\/tietosuojaseloste.pdf\">Varsinainen j\u00e4senrekisterin tietosuojaseloste<\/a>.<\/p>\n","protected":false},"excerpt":{"rendered":"<p>Aasian ja Afrikan tutkimuksen seuran toiminnasta kiinnostuneilla on mahdollisuus liitty\u00e4 seuran j\u00e4seneksi l\u00e4hett\u00e4m\u00e4ll\u00e4 vapaamuotoinen hakemus seuran sihteerille (sihteeri[at]suomenitamainenseura.org). Liittymisj\u00e4senmaksu on 20 euroa. Vuosittaista j\u00e4senmaksua seura ei ole ker\u00e4nnyt koko historiansa aikana. J\u00e4senyys oikeuttaa seuran julkaisujen ostamiseen 50% alennuksella kirjakauppa Tiedekirjasta (http:\/\/www.tiedekirja.fi). J\u00e4senrekisteriin tallennetaan j\u00e4senen koko nimi, s\u00e4hk\u00f6postiosoite ja kotikunta sek\u00e4 tieto j\u00e4senyyslajista ja liittymismaksun maksamisesta. &hellip; <a href=\"http:\/\/www.suomenitamainenseura.org\/index.php\/jaseneksi-liittyminen\/\" class=\"more-link\">Jatka lukemista<span class=\"screen-reader-text\"> &#8221;J\u00e4seneksi liittyminen&#8221;<\/span><\/a><\/p>\n","protected":false},"author":1,"featured_media":0,"parent":0,"menu_order":0,"comment_status":"closed","ping_status":"closed","template":"","meta":[],"_links":{"self":[{"href":"http:\/\/www.suomenitamainenseura.org\/index.php\/wp-json\/wp\/v2\/pages\/112"}],"collection":[{"href":"http:\/\/www.suomenitamainenseura.org\/index.php\/wp-json\/wp\/v2\/pages"}],"about":[{"href":"http:\/\/www.suomenitamainenseura.org\/index.php\/wp-json\/wp\/v2\/types\/page"}],"author":[{"embeddable":true,"href":"http:\/\/www.suomenitamainenseura.org\/index.php\/wp-json\/wp\/v2\/users\/1"}],"replies":[{"embeddable":true,"href":"http:\/\/www.suomenitamainenseura.org\/index.php\/wp-json\/wp\/v2\/comments?post=112"}],"version-history":[{"count":5,"href":"http:\/\/www.suomenitamainenseura.org\/index.php\/wp-json\/wp\/v2\/pages\/112\/revisions"}],"predecessor-version":[{"id":449,"href":"http:\/\/www.suomenitamainenseura.org\/index.php\/wp-json\/wp\/v2\/pages\/112\/revisions\/449"}],"wp:attachment":[{"href":"http:\/\/www.suomenitamainenseura.org\/index.php\/wp-json\/wp\/v2\/media?parent=112"}],"curies":[{"name":"wp","href":"https:\/\/api.w.org\/{rel}","templated":true}]}}